{"id":5,"date":"2014-11-27T17:51:00","date_gmt":"2014-11-27T15:51:00","guid":{"rendered":"http:\/\/w3.willy-brandt-forum.com\/?page_id=5"},"modified":"2022-02-19T17:58:01","modified_gmt":"2022-02-19T15:58:01","slug":"willkommen","status":"publish","type":"page","link":"https:\/\/w3.willy-brandt-forum.com\/","title":{"rendered":"Herzlich willkommen!"},"content":{"rendered":"\n\t\t<!-- MasterSlider -->\n\t\t<div id=\"P_MS69e12035d9e2d\" class=\"master-slider-parent msl ms-parent-id-4\" style=\"max-width:650px;\">\n\n\t\t\t\n\t\t\t<!-- MasterSlider Main -->\n\t\t\t<div id=\"MS69e12035d9e2d\" class=\"master-slider ms-skin-default\" >\n\t\t\t\t \t\t\t\t \n\t\t\t\t<div  class=\"ms-slide\" data-delay=\"5\" data-fill-mode=\"fill\"  >\n\t\t\t\t\t<img decoding=\"async\" src=\"https:\/\/w3.willy-brandt-forum.com\/wp-content\/plugins\/master-slider\/public\/assets\/css\/blank.gif\" alt=\"\" title=\"\" data-src=\"https:\/\/w3.willy-brandt-forum.com\/wp-content\/uploads\/2014\/12\/P1070919.jpg\" \/>\n\n\n\t<div class=\"ms-thumb\" ><div class=\"ms-tab-context\"><div class=&quot;ms-tab-context&quot;><\/div><\/div>\n<\/div>\n\t\t\t\t<\/div>\n\t\t\t\t<div  class=\"ms-slide\" data-delay=\"3\" data-fill-mode=\"fill\"  >\n\t\t\t\t\t<img decoding=\"async\" src=\"https:\/\/w3.willy-brandt-forum.com\/wp-content\/plugins\/master-slider\/public\/assets\/css\/blank.gif\" alt=\"\" title=\"\" data-src=\"https:\/\/w3.willy-brandt-forum.com\/wp-content\/uploads\/2014\/12\/P10709621.jpg\" \/>\n\n\n\t<div class=\"ms-thumb\" ><div class=\"ms-tab-context\"><div class=&quot;ms-tab-context&quot;><\/div><\/div>\n<\/div>\n\t\t\t\t<\/div>\n\t\t\t\t<div  class=\"ms-slide\" data-delay=\"3\" data-fill-mode=\"fill\"  >\n\t\t\t\t\t<img decoding=\"async\" src=\"https:\/\/w3.willy-brandt-forum.com\/wp-content\/plugins\/master-slider\/public\/assets\/css\/blank.gif\" alt=\"\" title=\"\" data-src=\"https:\/\/w3.willy-brandt-forum.com\/wp-content\/uploads\/2015\/05\/P1110531.jpg\" \/>\n\n\n\t<div class=\"ms-thumb\" ><div class=\"ms-tab-context\"><div class=&quot;ms-tab-context&quot;><\/div><\/div>\n<\/div>\n\t\t\t\t<\/div>\n\t\t\t\t<div  class=\"ms-slide\" data-delay=\"3\" data-fill-mode=\"fill\"  >\n\t\t\t\t\t<img decoding=\"async\" src=\"https:\/\/w3.willy-brandt-forum.com\/wp-content\/plugins\/master-slider\/public\/assets\/css\/blank.gif\" alt=\"\" title=\"\" data-src=\"https:\/\/w3.willy-brandt-forum.com\/wp-content\/uploads\/2014\/12\/P1070901.jpg\" \/>\n\n\n\t<div class=\"ms-thumb\" ><div class=\"ms-tab-context\"><div class=&quot;ms-tab-context&quot;><\/div><\/div>\n<\/div>\n\t\t\t\t<\/div>\n\t\t\t\t<div  class=\"ms-slide\" data-delay=\"3\" data-fill-mode=\"fill\"  >\n\t\t\t\t\t<img decoding=\"async\" src=\"https:\/\/w3.willy-brandt-forum.com\/wp-content\/plugins\/master-slider\/public\/assets\/css\/blank.gif\" alt=\"\" title=\"\" data-src=\"https:\/\/w3.willy-brandt-forum.com\/wp-content\/uploads\/2014\/12\/Detail-Arbeitszimmer-x.jpg\" \/>\n\n\n\t<div class=\"ms-thumb\" ><div class=\"ms-tab-context\"><div class=&quot;ms-tab-context&quot;><\/div><\/div>\n<\/div>\n\t\t\t\t<\/div>\n\t\t\t\t<div  class=\"ms-slide\" data-delay=\"3\" data-fill-mode=\"fill\"  >\n\t\t\t\t\t<img decoding=\"async\" src=\"https:\/\/w3.willy-brandt-forum.com\/wp-content\/plugins\/master-slider\/public\/assets\/css\/blank.gif\" alt=\"\" title=\"\" data-src=\"https:\/\/w3.willy-brandt-forum.com\/wp-content\/uploads\/2014\/12\/P10709521.jpg\" \/>\n\n\n\t<div class=\"ms-thumb\" ><div class=\"ms-tab-context\"><div class=&quot;ms-tab-context&quot;><\/div><\/div>\n<\/div>\n\t\t\t\t<\/div>\n\t\t\t\t<div  class=\"ms-slide\" data-delay=\"3\" data-fill-mode=\"fill\"  >\n\t\t\t\t\t<img decoding=\"async\" src=\"https:\/\/w3.willy-brandt-forum.com\/wp-content\/plugins\/master-slider\/public\/assets\/css\/blank.gif\" alt=\"\" title=\"\" data-src=\"https:\/\/w3.willy-brandt-forum.com\/wp-content\/uploads\/2014\/12\/P1070907.jpg\" \/>\n\n\n\t<div class=\"ms-thumb\" ><div class=\"ms-tab-context\"><div class=&quot;ms-tab-context&quot;><\/div><\/div>\n<\/div>\n\t\t\t\t<\/div>\n\t\t\t\t<div  class=\"ms-slide\" data-delay=\"3\" data-fill-mode=\"fill\"  >\n\t\t\t\t\t<img decoding=\"async\" src=\"https:\/\/w3.willy-brandt-forum.com\/wp-content\/plugins\/master-slider\/public\/assets\/css\/blank.gif\" alt=\"\" title=\"\" data-src=\"https:\/\/w3.willy-brandt-forum.com\/wp-content\/uploads\/2014\/12\/Details-SI-und-N-S-Kommissi.jpg\" \/>\n\n\n\t<div class=\"ms-thumb\" ><div class=\"ms-tab-context\"><div class=&quot;ms-tab-context&quot;><\/div><\/div>\n<\/div>\n\t\t\t\t<\/div>\n\t\t\t\t<div  class=\"ms-slide\" data-delay=\"5\" data-fill-mode=\"fill\"  >\n\t\t\t\t\t<img decoding=\"async\" src=\"https:\/\/w3.willy-brandt-forum.com\/wp-content\/plugins\/master-slider\/public\/assets\/css\/blank.gif\" alt=\"\" title=\"\" data-src=\"https:\/\/w3.willy-brandt-forum.com\/wp-content\/uploads\/2014\/12\/P1070919.jpg\" \/>\n\n\n\t<div class=\"ms-thumb\" ><div class=\"ms-tab-context\"><div class=&quot;ms-tab-context&quot;><\/div><\/div>\n<\/div>\n\t\t\t\t<\/div>\n\t\t\t\t<div  class=\"ms-slide\" data-delay=\"3\" data-fill-mode=\"fill\"  >\n\t\t\t\t\t<img decoding=\"async\" src=\"https:\/\/w3.willy-brandt-forum.com\/wp-content\/plugins\/master-slider\/public\/assets\/css\/blank.gif\" alt=\"\" title=\"\" data-src=\"https:\/\/w3.willy-brandt-forum.com\/wp-content\/uploads\/2014\/12\/P10709621.jpg\" \/>\n\n\n\t<div class=\"ms-thumb\" ><div class=\"ms-tab-context\"><div class=&quot;ms-tab-context&quot;><\/div><\/div>\n<\/div>\n\t\t\t\t<\/div>\n\t\t\t\t<div  class=\"ms-slide\" data-delay=\"3\" data-fill-mode=\"fill\"  >\n\t\t\t\t\t<img decoding=\"async\" src=\"https:\/\/w3.willy-brandt-forum.com\/wp-content\/plugins\/master-slider\/public\/assets\/css\/blank.gif\" alt=\"\" title=\"\" data-src=\"https:\/\/w3.willy-brandt-forum.com\/wp-content\/uploads\/2014\/12\/P1070901.jpg\" \/>\n\n\n\t<div class=\"ms-thumb\" ><div class=\"ms-tab-context\"><div class=&quot;ms-tab-context&quot;><\/div><\/div>\n<\/div>\n\t\t\t\t<\/div>\n\n\t\t\t<\/div>\n\t\t\t<!-- END MasterSlider Main -->\n\n\t\t\t \n\t\t<\/div>\n\t\t<!-- END MasterSlider -->\n\n\t\t<script>\n\t\t(function ( $ ) {\n\t\t\t\"use strict\";\n\n\t\t\t$(function () {\n\t\t\t\tvar masterslider_9e2d = new MasterSlider();\n\n\t\t\t\t\/\/ slider controls\n\t\t\t\tmasterslider_9e2d.control('arrows'     ,{ autohide:true, overVideo:true  });\n\t\t\t\t\/\/ slider setup\n\t\t\t\tmasterslider_9e2d.setup(\"MS69e12035d9e2d\", {\n\t\t\t\t\t\twidth           : 650,\n\t\t\t\t\t\theight          : 310,\n\t\t\t\t\t\tminHeight       : 0,\n\t\t\t\t\t\tspace           : 0,\n\t\t\t\t\t\tstart           : 1,\n\t\t\t\t\t\tgrabCursor      : true,\n\t\t\t\t\t\tswipe           : true,\n\t\t\t\t\t\tmouse           : true,\n\t\t\t\t\t\tlayout          : \"boxed\",\n\t\t\t\t\t\twheel           : false,\n\t\t\t\t\t\tautoplay        : true,\n\t\t\t\t\t\tinstantStartLayers:false,\n\t\t\t\t\t\tloop            : false,\n\t\t\t\t\t\tshuffle         : false,\n\t\t\t\t\t\tpreload         : 0,\n\t\t\t\t\t\theightLimit     : true,\n\t\t\t\t\t\tautoHeight      : false,\n\t\t\t\t\t\tsmoothHeight    : true,\n\t\t\t\t\t\tendPause        : true,\n\t\t\t\t\t\toverPause       : true,\n\t\t\t\t\t\tfillMode        : \"fill\",\n\t\t\t\t\t\tcenterControls  : true,\n\t\t\t\t\t\tstartOnAppear   : false,\n\t\t\t\t\t\tlayersMode      : \"center\",\n\t\t\t\t\t\thideLayers      : false,\n\t\t\t\t\t\tfullscreenMargin: 0,\n\t\t\t\t\t\tspeed           : 8,\n\t\t\t\t\t\tdir             : \"h\",\n\t\t\t\t\t\tparallaxMode    : 'swipe',\n\t\t\t\t\t\tview            : \"fade\"\n\t\t\t\t});\n\n\t\t\t\t\n\t\t\t\twindow.masterslider_instances = window.masterslider_instances || [];\n\t\t\t\twindow.masterslider_instances.push( masterslider_9e2d );\n\t\t\t });\n\n\t\t})(jQuery);\n\t\t<\/script>\n\n\n<p>&nbsp;<\/p>\n<p style=\"text-align: justify;\">Der ehemalige Bundeskanzler und Friedensnobelpreistr\u00e4ger <a title=\"Lebenslauf\" href=\"http:\/\/w3.willy-brandt-forum.com\/?page_id=315\">Willy Brandt<\/a> lebte von 1979 bis 1992 in Unkel. Hier schrieb er seine Erinnerungen, von hier aus unternahm er zahlreiche Reisen, die dem Frieden und der V\u00f6lkerverst\u00e4ndigung dienten.<\/p>\n<p style=\"text-align: justify;\">Am 20. M\u00e4rz 2011 wurde im Zentrum der Altstadt das \u201eWilly-Brandt-Forum\u201c er\u00f6ffnet.Im Juni 2021 ebnete der Deutsche Bundestag mit der Novellierung des Errichtungsgesetzes der Bundeskanzler-Willy-Brandt-Stiftung den Weg f\u00fcr ein Engagement des Bundes in Unkel. Seit dem 20. September 2021 ist das Museum eine Au\u00dfenstelle der Bundesstiftung, die f\u00fcr<br \/>\nden Unterhalt und den Betrieb der Dauerausstellung verantwortlich ist. B\u00fcrgerstiftung und Bundeskanzler-Willy-Brandt-Stiftung arbeiten auf Grundlage eines Kooperationsvertrages zusammen.<\/p>\n<p style=\"text-align: justify;\">Herzst\u00fcck des <a title=\"Informationen zur Ausstellung\" href=\"http:\/\/w3.willy-brandt-forum.com\/?page_id=109\">Museums<\/a> ist das Arbeitszimmer des Politikers aus seinem letzen Wohnhaus in Unkel, das originalgetreu rekonstruiert wurde; daneben gibt es viele weitere Exponate, Dokumente und Fotografien machen Willy Brandts Leben und Wirken greifbar. Im Untergeschoss des Museums h\u00e4ngt das ber\u00fchmte <a title=\"Portr\u00e4tgalerie\" href=\"http:\/\/w3.willy-brandt-forum.com\/?page_id=119\">Meistermann-Portr\u00e4t<\/a> des Kanzlers, das f\u00fcr die Kanzlergalerie im Bundeskanzleramt bestimmt war.<\/p>\n<p style=\"text-align: justify;\">Ein modern gestaltetes \u00fcberparteiliches zeitgeschichtliches Museum mit zahlreichen audiovisuellen Medien l\u00e4dt den Besucher ein, sich mit Willy Brandt und seiner Zeit zu besch\u00e4ftigen.<\/p>\n<p style=\"text-align: justify;\">Spannender kann Geschichte nicht sein!<\/p>\n","protected":false},"excerpt":{"rendered":"<p>&nbsp; Der ehemalige Bundeskanzler und Friedensnobelpreistr\u00e4ger Willy Brandt lebte von 1979 bis 1992 in Unkel. Hier schrieb er seine Erinnerungen, von hier aus unternahm er zahlreiche Reisen, die dem Frieden und der V\u00f6lkerverst\u00e4ndigung dienten. Am 20. M\u00e4rz 2011 wurde im Zentrum der Altstadt das \u201eWilly-Brandt-Forum\u201c er\u00f6ffnet.Im Juni 2021 ebnete der &#8230;<\/p>\n","protected":false},"author":1,"featured_media":0,"parent":0,"menu_order":0,"comment_status":"closed","ping_status":"closed","template":"","meta":{"ngg_post_thumbnail":0,"footnotes":""},"class_list":["post-5","page","type-page","status-publish","hentry","column","onecol"],"_links":{"self":[{"href":"https:\/\/w3.willy-brandt-forum.com\/index.php?rest_route=\/wp\/v2\/pages\/5","targetHints":{"allow":["GET"]}}],"collection":[{"href":"https:\/\/w3.willy-brandt-forum.com\/index.php?rest_route=\/wp\/v2\/pages"}],"about":[{"href":"https:\/\/w3.willy-brandt-forum.com\/index.php?rest_route=\/wp\/v2\/types\/page"}],"author":[{"embeddable":true,"href":"https:\/\/w3.willy-brandt-forum.com\/index.php?rest_route=\/wp\/v2\/users\/1"}],"replies":[{"embeddable":true,"href":"https:\/\/w3.willy-brandt-forum.com\/index.php?rest_route=%2Fwp%2Fv2%2Fcomments&post=5"}],"version-history":[{"count":33,"href":"https:\/\/w3.willy-brandt-forum.com\/index.php?rest_route=\/wp\/v2\/pages\/5\/revisions"}],"predecessor-version":[{"id":2560,"href":"https:\/\/w3.willy-brandt-forum.com\/index.php?rest_route=\/wp\/v2\/pages\/5\/revisions\/2560"}],"wp:attachment":[{"href":"https:\/\/w3.willy-brandt-forum.com\/index.php?rest_route=%2Fwp%2Fv2%2Fmedia&parent=5"}],"curies":[{"name":"wp","href":"https:\/\/api.w.org\/{rel}","templated":true}]}}